{"id":160,"date":"2024-05-18T05:31:18","date_gmt":"2024-05-18T05:31:18","guid":{"rendered":"http:\/\/14.241.231.23\/?page_id=160"},"modified":"2024-05-27T15:19:49","modified_gmt":"2024-05-27T15:19:49","slug":"alcatel-lucent-phone-8018s","status":"publish","type":"page","link":"https:\/\/www.omniconnect.com.vn\/?page_id=160","title":{"rendered":"ALCATEL LUCENT PHONE 8018S"},"content":{"rendered":"\n<div class=\"wp-block-media-text is-stacked-on-mobile\"><figure class=\"wp-block-media-text__media\"><img fetchpriority=\"high\" decoding=\"async\" width=\"600\" height=\"600\" src=\"http:\/\/14.241.231.23\/wp-content\/uploads\/2024\/05\/alcatel-lucent-phone-8018s.jpg\" alt=\"\" class=\"wp-image-161 size-full\" srcset=\"https:\/\/www.omniconnect.com.vn\/wp-content\/uploads\/2024\/05\/alcatel-lucent-phone-8018s.jpg 600w, https:\/\/www.omniconnect.com.vn\/wp-content\/uploads\/2024\/05\/alcatel-lucent-phone-8018s-300x300.jpg 300w, https:\/\/www.omniconnect.com.vn\/wp-content\/uploads\/2024\/05\/alcatel-lucent-phone-8018s-100x100.jpg 100w, https:\/\/www.omniconnect.com.vn\/wp-content\/uploads\/2024\/05\/alcatel-lucent-phone-8018s-150x150.jpg 150w\" sizes=\"(max-width: 600px) 100vw, 600px\" \/><\/figure><div class=\"wp-block-media-text__content\">\n<p><strong>ALCATEL LUCENT PHONE 8018S<\/strong><\/p>\n\n\n\n<p>Thi\u1ebft k\u1ebf ho\u00e0n h\u1ea3o c\u00f9ng v\u1edbi t\u00ednh n\u0103ng c\u1ea7n thi\u1ebft v\u00e0 phong ph\u00fa cho m\u1ed9t chi\u1ebfc \u0111i\u1ec7n tho\u1ea1i IP telephony<\/p>\n\n\n\n<ul class=\"wp-block-list\">\n<li>C\u00e1c t\u00ednh n\u0103ng n\u00e2ng cao<\/li>\n\n\n\n<li>\u0110\u1ed9 ph\u00e2n gi\u1ea3i m\u00e0n h\u00ecnh Backlit B&amp;W<\/li>\n\n\n\n<li>K\u1ebft n\u1ed1i USB, VPN client<\/li>\n\n\n\n<li>Class 1: \u0110i\u1ec7n n\u0103ng ti\u00eau th\u1ee5 th\u1ea5p<\/li>\n\n\n\n<li>Ph\u1ee5 ki\u1ec7n g\u1eafn t\u01b0\u1eddng<\/li>\n<\/ul>\n\n\n\n<p><\/p>\n\n\n\n<p><a target=\"_blank\" rel=\"noreferrer noopener\" href=\"https:\/\/www.facebook.com\/sharer.php?u=https:\/\/omninet.com.vn\/san-pham\/alcatel-lucent-phone-8018s\/\"><\/a><a target=\"_blank\" rel=\"noreferrer noopener\" href=\"https:\/\/twitter.com\/intent\/tweet?text=Alcatel%20Lucent%20Phone%208018S&amp;url=https:\/\/omninet.com.vn\/san-pham\/alcatel-lucent-phone-8018s\/\"><\/a><a target=\"_blank\" rel=\"noreferrer noopener\" href=\"https:\/\/www.linkedin.com\/shareArticle?mini=true&amp;url=https:\/\/omninet.com.vn\/san-pham\/alcatel-lucent-phone-8018s\/&amp;title=Alcatel%20Lucent%20Phone%208018S\"><\/a><a target=\"_blank\" rel=\"noreferrer noopener\" href=\"https:\/\/plus.google.com\/share?url=https:\/\/omninet.com.vn\/san-pham\/alcatel-lucent-phone-8018s\/\"><\/a><a target=\"_blank\" rel=\"noreferrer noopener\" href=\"https:\/\/pinterest.com\/pin\/create\/button\/?url=https:\/\/omninet.com.vn\/san-pham\/alcatel-lucent-phone-8018s\/&amp;media=https:\/\/omninet.com.vn\/wp-content\/uploads\/2017\/09\/alcatel-lucent-phone-8018s.jpg\"><\/a><\/p>\n<\/div><\/div>\n\n\n\n\n\n<p>hi\u1ebft k\u1ebf ho\u00e0n h\u1ea3o c\u00f9ng v\u1edbi t\u00ednh n\u0103ng c\u1ea7n thi\u1ebft v\u00e0 phong ph\u00fa cho m\u1ed9t chi\u1ebfc \u0111i\u1ec7n tho\u1ea1i IP telephony<\/p>\n\n\n\n<ul class=\"wp-block-list\">\n<li>C\u00e1c t\u00ednh n\u0103ng n\u00e2ng cao<\/li>\n\n\n\n<li>\u0110\u1ed9 ph\u00e2n gi\u1ea3i m\u00e0n h\u00ecnh Backlit B&amp;W<\/li>\n\n\n\n<li>K\u1ebft n\u1ed1i USB, VPN client<\/li>\n\n\n\n<li>Class 1: \u0110i\u1ec7n n\u0103ng ti\u00eau th\u1ee5 th\u1ea5p<\/li>\n\n\n\n<li>Ph\u1ee5 ki\u1ec7n g\u1eafn t\u01b0\u1eddng<\/li>\n<\/ul>\n\n\n","protected":false},"excerpt":{"rendered":"","protected":false},"author":1,"featured_media":0,"parent":0,"menu_order":0,"comment_status":"closed","ping_status":"closed","template":"","meta":{"footnotes":""},"class_list":["post-160","page","type-page","status-publish","hentry"],"yoast_head":"<!-- This site is optimized with the Yoast SEO plugin v26.5 - https:\/\/yoast.com\/wordpress\/plugins\/seo\/ -->\n<title>ALCATEL LUCENT PHONE 8018S - OMNICONNECT<\/title>\n<meta name=\"robots\" content=\"index, follow, max-snippet:-1, max-image-preview:large, max-video-preview:-1\" \/>\n<link rel=\"canonical\" href=\"https:\/\/www.omniconnect.com.vn\/?page_id=160\" \/>\n<meta property=\"og:locale\" content=\"en_US\" \/>\n<meta property=\"og:type\" content=\"article\" \/>\n<meta property=\"og:title\" content=\"ALCATEL LUCENT PHONE 8018S - OMNICONNECT\" \/>\n<meta property=\"og:url\" content=\"https:\/\/www.omniconnect.com.vn\/?page_id=160\" \/>\n<meta property=\"og:site_name\" content=\"OMNICONNECT\" \/>\n<meta property=\"article:modified_time\" content=\"2024-05-27T15:19:49+00:00\" \/>\n<meta property=\"og:image\" content=\"https:\/\/www.omniconnect.com.vn\/wp-content\/uploads\/2024\/05\/alcatel-lucent-phone-8018s.jpg\" \/>\n\t<meta property=\"og:image:width\" content=\"600\" \/>\n\t<meta property=\"og:image:height\" content=\"600\" \/>\n\t<meta property=\"og:image:type\" content=\"image\/jpeg\" \/>\n<meta name=\"twitter:card\" content=\"summary_large_image\" \/>\n<meta name=\"twitter:label1\" content=\"Est. reading time\" \/>\n\t<meta name=\"twitter:data1\" content=\"1 minute\" \/>\n<script type=\"application\/ld+json\" class=\"yoast-schema-graph\">{\"@context\":\"https:\/\/schema.org\",\"@graph\":[{\"@type\":\"WebPage\",\"@id\":\"https:\/\/www.omniconnect.com.vn\/?page_id=160\",\"url\":\"https:\/\/www.omniconnect.com.vn\/?page_id=160\",\"name\":\"ALCATEL LUCENT PHONE 8018S - OMNICONNECT\",\"isPartOf\":{\"@id\":\"https:\/\/www.omniconnect.com.vn\/#website\"},\"primaryImageOfPage\":{\"@id\":\"https:\/\/www.omniconnect.com.vn\/?page_id=160#primaryimage\"},\"image\":{\"@id\":\"https:\/\/www.omniconnect.com.vn\/?page_id=160#primaryimage\"},\"thumbnailUrl\":\"http:\/\/14.241.231.23\/wp-content\/uploads\/2024\/05\/alcatel-lucent-phone-8018s.jpg\",\"datePublished\":\"2024-05-18T05:31:18+00:00\",\"dateModified\":\"2024-05-27T15:19:49+00:00\",\"breadcrumb\":{\"@id\":\"https:\/\/www.omniconnect.com.vn\/?page_id=160#breadcrumb\"},\"inLanguage\":\"en-US\",\"potentialAction\":[{\"@type\":\"ReadAction\",\"target\":[\"https:\/\/www.omniconnect.com.vn\/?page_id=160\"]}]},{\"@type\":\"ImageObject\",\"inLanguage\":\"en-US\",\"@id\":\"https:\/\/www.omniconnect.com.vn\/?page_id=160#primaryimage\",\"url\":\"http:\/\/14.241.231.23\/wp-content\/uploads\/2024\/05\/alcatel-lucent-phone-8018s.jpg\",\"contentUrl\":\"http:\/\/14.241.231.23\/wp-content\/uploads\/2024\/05\/alcatel-lucent-phone-8018s.jpg\"},{\"@type\":\"BreadcrumbList\",\"@id\":\"https:\/\/www.omniconnect.com.vn\/?page_id=160#breadcrumb\",\"itemListElement\":[{\"@type\":\"ListItem\",\"position\":1,\"name\":\"Home\",\"item\":\"https:\/\/www.omniconnect.com.vn\/\"},{\"@type\":\"ListItem\",\"position\":2,\"name\":\"ALCATEL LUCENT PHONE 8018S\"}]},{\"@type\":\"WebSite\",\"@id\":\"https:\/\/www.omniconnect.com.vn\/#website\",\"url\":\"https:\/\/www.omniconnect.com.vn\/\",\"name\":\"OMNICONNECT\",\"description\":\"\",\"potentialAction\":[{\"@type\":\"SearchAction\",\"target\":{\"@type\":\"EntryPoint\",\"urlTemplate\":\"https:\/\/www.omniconnect.com.vn\/?s={search_term_string}\"},\"query-input\":{\"@type\":\"PropertyValueSpecification\",\"valueRequired\":true,\"valueName\":\"search_term_string\"}}],\"inLanguage\":\"en-US\"}]}<\/script>\n<!-- \/ Yoast SEO plugin. -->","yoast_head_json":{"title":"ALCATEL LUCENT PHONE 8018S - OMNICONNECT","robots":{"index":"index","follow":"follow","max-snippet":"max-snippet:-1","max-image-preview":"max-image-preview:large","max-video-preview":"max-video-preview:-1"},"canonical":"https:\/\/www.omniconnect.com.vn\/?page_id=160","og_locale":"en_US","og_type":"article","og_title":"ALCATEL LUCENT PHONE 8018S - OMNICONNECT","og_url":"https:\/\/www.omniconnect.com.vn\/?page_id=160","og_site_name":"OMNICONNECT","article_modified_time":"2024-05-27T15:19:49+00:00","og_image":[{"width":600,"height":600,"url":"https:\/\/www.omniconnect.com.vn\/wp-content\/uploads\/2024\/05\/alcatel-lucent-phone-8018s.jpg","type":"image\/jpeg"}],"twitter_card":"summary_large_image","twitter_misc":{"Est. reading time":"1 minute"},"schema":{"@context":"https:\/\/schema.org","@graph":[{"@type":"WebPage","@id":"https:\/\/www.omniconnect.com.vn\/?page_id=160","url":"https:\/\/www.omniconnect.com.vn\/?page_id=160","name":"ALCATEL LUCENT PHONE 8018S - OMNICONNECT","isPartOf":{"@id":"https:\/\/www.omniconnect.com.vn\/#website"},"primaryImageOfPage":{"@id":"https:\/\/www.omniconnect.com.vn\/?page_id=160#primaryimage"},"image":{"@id":"https:\/\/www.omniconnect.com.vn\/?page_id=160#primaryimage"},"thumbnailUrl":"http:\/\/14.241.231.23\/wp-content\/uploads\/2024\/05\/alcatel-lucent-phone-8018s.jpg","datePublished":"2024-05-18T05:31:18+00:00","dateModified":"2024-05-27T15:19:49+00:00","breadcrumb":{"@id":"https:\/\/www.omniconnect.com.vn\/?page_id=160#breadcrumb"},"inLanguage":"en-US","potentialAction":[{"@type":"ReadAction","target":["https:\/\/www.omniconnect.com.vn\/?page_id=160"]}]},{"@type":"ImageObject","inLanguage":"en-US","@id":"https:\/\/www.omniconnect.com.vn\/?page_id=160#primaryimage","url":"http:\/\/14.241.231.23\/wp-content\/uploads\/2024\/05\/alcatel-lucent-phone-8018s.jpg","contentUrl":"http:\/\/14.241.231.23\/wp-content\/uploads\/2024\/05\/alcatel-lucent-phone-8018s.jpg"},{"@type":"BreadcrumbList","@id":"https:\/\/www.omniconnect.com.vn\/?page_id=160#breadcrumb","itemListElement":[{"@type":"ListItem","position":1,"name":"Home","item":"https:\/\/www.omniconnect.com.vn\/"},{"@type":"ListItem","position":2,"name":"ALCATEL LUCENT PHONE 8018S"}]},{"@type":"WebSite","@id":"https:\/\/www.omniconnect.com.vn\/#website","url":"https:\/\/www.omniconnect.com.vn\/","name":"OMNICONNECT","description":"","potentialAction":[{"@type":"SearchAction","target":{"@type":"EntryPoint","urlTemplate":"https:\/\/www.omniconnect.com.vn\/?s={search_term_string}"},"query-input":{"@type":"PropertyValueSpecification","valueRequired":true,"valueName":"search_term_string"}}],"inLanguage":"en-US"}]}},"_links":{"self":[{"href":"https:\/\/www.omniconnect.com.vn\/index.php?rest_route=\/wp\/v2\/pages\/160","targetHints":{"allow":["GET"]}}],"collection":[{"href":"https:\/\/www.omniconnect.com.vn\/index.php?rest_route=\/wp\/v2\/pages"}],"about":[{"href":"https:\/\/www.omniconnect.com.vn\/index.php?rest_route=\/wp\/v2\/types\/page"}],"author":[{"embeddable":true,"href":"https:\/\/www.omniconnect.com.vn\/index.php?rest_route=\/wp\/v2\/users\/1"}],"replies":[{"embeddable":true,"href":"https:\/\/www.omniconnect.com.vn\/index.php?rest_route=%2Fwp%2Fv2%2Fcomments&post=160"}],"version-history":[{"count":2,"href":"https:\/\/www.omniconnect.com.vn\/index.php?rest_route=\/wp\/v2\/pages\/160\/revisions"}],"predecessor-version":[{"id":2309,"href":"https:\/\/www.omniconnect.com.vn\/index.php?rest_route=\/wp\/v2\/pages\/160\/revisions\/2309"}],"wp:attachment":[{"href":"https:\/\/www.omniconnect.com.vn\/index.php?rest_route=%2Fwp%2Fv2%2Fmedia&parent=160"}],"curies":[{"name":"wp","href":"https:\/\/api.w.org\/{rel}","templated":true}]}}